{"id":1327,"date":"2023-07-10T17:00:43","date_gmt":"2023-07-10T17:00:43","guid":{"rendered":"https:\/\/www.arnedillo.org\/voie-verte-du-cidacos\/"},"modified":"2023-09-26T09:43:53","modified_gmt":"2023-09-26T09:43:53","slug":"voie-verte-du-cidacos","status":"publish","type":"page","link":"https:\/\/www.arnedillo.org\/fr\/tourisme\/voie-verte-du-cidacos\/","title":{"rendered":"Voie Verte du Cidacos"},"content":{"rendered":"<p>[et_pb_section fb_built=\u00a0\u00bb1&Prime; _builder_version=\u00a0\u00bb4.21.0&Prime; _module_preset=\u00a0\u00bbdefault\u00a0\u00bb background_color=\u00a0\u00bbrgba(0,0,0,0.25)\u00a0\u00bb background_image=\u00a0\u00bbhttps:\/\/www.arnedillo.org\/wp-content\/uploads\/2023\/07\/48_arnedillo_via.jpg\u00a0\u00bb background_blend=\u00a0\u00bbmultiply\u00a0\u00bb custom_padding=\u00a0\u00bb60px||60px||false|false\u00a0\u00bb global_colors_info=\u00a0\u00bb{}\u00a0\u00bb][et_pb_row _builder_version=\u00a0\u00bb4.21.0&Prime; _module_preset=\u00a0\u00bbdefault\u00a0\u00bb global_colors_info=\u00a0\u00bb{}\u00a0\u00bb][et_pb_column type=\u00a0\u00bb4_4&Prime; _builder_version=\u00a0\u00bb4.21.0&Prime; _module_preset=\u00a0\u00bbdefault\u00a0\u00bb global_colors_info=\u00a0\u00bb{}\u00a0\u00bb][et_pb_post_title _builder_version=\u00a0\u00bb4.21.0&Prime; _module_preset=\u00a0\u00bbdefault\u00a0\u00bb global_colors_info=\u00a0\u00bb{}\u00a0\u00bb][\/et_pb_post_title][\/et_pb_column][\/et_pb_row][\/et_pb_section][et_pb_section fb_built=\u00a0\u00bb1&Prime; _builder_version=\u00a0\u00bb4.21.0&Prime; _module_preset=\u00a0\u00bbdefault\u00a0\u00bb global_colors_info=\u00a0\u00bb{}\u00a0\u00bb][et_pb_row column_structure=\u00a0\u00bb1_2,1_2&Prime; _builder_version=\u00a0\u00bb4.21.0&Prime; _module_preset=\u00a0\u00bbdefault\u00a0\u00bb global_colors_info=\u00a0\u00bb{}\u00a0\u00bb][et_pb_column type=\u00a0\u00bb1_2&Prime; _builder_version=\u00a0\u00bb4.21.0&Prime; _module_preset=\u00a0\u00bbdefault\u00a0\u00bb global_colors_info=\u00a0\u00bb{}\u00a0\u00bb][et_pb_text _builder_version=\u00a0\u00bb4.21.0&Prime; _module_preset=\u00a0\u00bbdefault\u00a0\u00bb hover_enabled=\u00a0\u00bb0&Prime; global_colors_info=\u00a0\u00bb{}\u00a0\u00bb sticky_enabled=\u00a0\u00bb0&Prime;]<\/p>\n<p>Ancienne ligne de chemin de fer \u00e0 voie \u00e9troite qui reliait Calahorra \u00e0 Arnedillo sur 34\u00a0km et une d\u00e9viation de 4\u00a0km de la gare d&rsquo;Ari\u00f1ano jusqu&rsquo;\u00e0 Pr\u00e9jano. Il y a deux options de parcours\u00a0:<\/p>\n<ul>\n<li>Ext\u00e9rieur, le long de la commune jusqu&rsquo;\u00e0 la rive de la rivi\u00e8re Cidacos (escaliers)<\/li>\n<li>Int\u00e9rieur, traverse le tunnel \u00e9clair\u00e9 (650 m). Recommand\u00e9 \u00e0 v\u00e9lo et pour les personnes \u00e0 mobilit\u00e9 r\u00e9duite.<\/li>\n<\/ul>\n<p>Le train ou \u201ctrenillo\u201d comme appel\u00e9 populairement \u00e9tait utilis\u00e9 pour le transport de marchandises (charbon des mines de Pr\u00e9jano et roche calcaire d&rsquo;Arnedillo) et de passagers. Il a fonctionn\u00e9 jusqu&rsquo;en 1966.<\/p>\n<p>Actuellement, il a \u00e9t\u00e9 restaur\u00e9 en voie verte, qu&rsquo;on peut prendre \u00e0 pied, \u00e0 v\u00e9lo ou \u00e0 cheval.<\/p>\n<p>[\/et_pb_text][\/et_pb_column][et_pb_column type=\u00a0\u00bb1_2&Prime; _builder_version=\u00a0\u00bb4.21.0&Prime; _module_preset=\u00a0\u00bbdefault\u00a0\u00bb global_colors_info=\u00a0\u00bb{}\u00a0\u00bb][et_pb_gallery gallery_ids=\u00a0\u00bb428,429,430,431&Prime; fullwidth=\u00a0\u00bbon\u00a0\u00bb _builder_version=\u00a0\u00bb4.21.0&Prime; _module_preset=\u00a0\u00bbdefault\u00a0\u00bb global_colors_info=\u00a0\u00bb{}\u00a0\u00bb][\/et_pb_gallery][\/et_pb_column][\/et_pb_row][\/et_pb_section]<\/p>\n","protected":false},"excerpt":{"rendered":"<p>Ancienne ligne de chemin de fer \u00e0 voie \u00e9troite qui reliait Calahorra \u00e0 Arnedillo sur 34\u00a0km et une d\u00e9viation de 4\u00a0km de la gare d&rsquo;Ari\u00f1ano jusqu&rsquo;\u00e0 Pr\u00e9jano. Il y a [&hellip;]<\/p>\n","protected":false},"author":1,"featured_media":0,"parent":1351,"menu_order":0,"comment_status":"closed","ping_status":"closed","template":"","meta":{"_et_pb_use_builder":"on","_et_pb_old_content":"","_et_gb_content_width":"","_monsterinsights_skip_tracking":false,"_monsterinsights_sitenote_active":false,"_monsterinsights_sitenote_note":"","_monsterinsights_sitenote_category":0,"footnotes":""},"class_list":["post-1327","page","type-page","status-publish","hentry"],"yoast_head":"<!-- This site is optimized with the Yoast SEO plugin v27.5 - https:\/\/yoast.com\/product\/yoast-seo-wordpress\/ -->\n<title>Voie Verte du Cidacos - Ayuntamiento de Arnedillo - La Rioja<\/title>\n<meta name=\"robots\" content=\"index, follow, max-snippet:-1, max-image-preview:large, max-video-preview:-1\" \/>\n<link rel=\"canonical\" href=\"https:\/\/www.arnedillo.org\/fr\/tourisme\/voie-verte-du-cidacos\/\" \/>\n<meta property=\"og:locale\" content=\"fr_FR\" \/>\n<meta property=\"og:type\" content=\"article\" \/>\n<meta property=\"og:title\" content=\"Voie Verte du Cidacos - Ayuntamiento de Arnedillo - La Rioja\" \/>\n<meta property=\"og:description\" content=\"Ancienne ligne de chemin de fer \u00e0 voie \u00e9troite qui reliait Calahorra \u00e0 Arnedillo sur 34\u00a0km et une d\u00e9viation de 4\u00a0km de la gare d&#039;Ari\u00f1ano jusqu&#039;\u00e0 Pr\u00e9jano. Il y a [&hellip;]\" \/>\n<meta property=\"og:url\" content=\"https:\/\/www.arnedillo.org\/fr\/tourisme\/voie-verte-du-cidacos\/\" \/>\n<meta property=\"og:site_name\" content=\"Ayuntamiento de Arnedillo - La Rioja\" \/>\n<meta property=\"article:modified_time\" content=\"2023-09-26T09:43:53+00:00\" \/>\n<meta name=\"twitter:card\" content=\"summary_large_image\" \/>\n<meta name=\"twitter:label1\" content=\"Dur\u00e9e de lecture estim\u00e9e\" \/>\n\t<meta name=\"twitter:data1\" content=\"1 minute\" \/>\n<script type=\"application\/ld+json\" class=\"yoast-schema-graph\">{\"@context\":\"https:\\\/\\\/schema.org\",\"@graph\":[{\"@type\":\"WebPage\",\"@id\":\"https:\\\/\\\/www.arnedillo.org\\\/fr\\\/tourisme\\\/voie-verte-du-cidacos\\\/\",\"url\":\"https:\\\/\\\/www.arnedillo.org\\\/fr\\\/tourisme\\\/voie-verte-du-cidacos\\\/\",\"name\":\"Voie Verte du Cidacos - Ayuntamiento de Arnedillo - La Rioja\",\"isPartOf\":{\"@id\":\"https:\\\/\\\/www.arnedillo.org\\\/fr\\\/#website\"},\"datePublished\":\"2023-07-10T17:00:43+00:00\",\"dateModified\":\"2023-09-26T09:43:53+00:00\",\"breadcrumb\":{\"@id\":\"https:\\\/\\\/www.arnedillo.org\\\/fr\\\/tourisme\\\/voie-verte-du-cidacos\\\/#breadcrumb\"},\"inLanguage\":\"fr-FR\",\"potentialAction\":[{\"@type\":\"ReadAction\",\"target\":[\"https:\\\/\\\/www.arnedillo.org\\\/fr\\\/tourisme\\\/voie-verte-du-cidacos\\\/\"]}]},{\"@type\":\"BreadcrumbList\",\"@id\":\"https:\\\/\\\/www.arnedillo.org\\\/fr\\\/tourisme\\\/voie-verte-du-cidacos\\\/#breadcrumb\",\"itemListElement\":[{\"@type\":\"ListItem\",\"position\":1,\"name\":\"Portada\",\"item\":\"https:\\\/\\\/www.arnedillo.org\\\/fr\\\/\"},{\"@type\":\"ListItem\",\"position\":2,\"name\":\"Voie Verte du Cidacos\"}]},{\"@type\":\"WebSite\",\"@id\":\"https:\\\/\\\/www.arnedillo.org\\\/fr\\\/#website\",\"url\":\"https:\\\/\\\/www.arnedillo.org\\\/fr\\\/\",\"name\":\"Ayuntamiento de Arnedillo - La Rioja\",\"description\":\"\",\"publisher\":{\"@id\":\"https:\\\/\\\/www.arnedillo.org\\\/fr\\\/#organization\"},\"potentialAction\":[{\"@type\":\"SearchAction\",\"target\":{\"@type\":\"EntryPoint\",\"urlTemplate\":\"https:\\\/\\\/www.arnedillo.org\\\/fr\\\/?s={search_term_string}\"},\"query-input\":{\"@type\":\"PropertyValueSpecification\",\"valueRequired\":true,\"valueName\":\"search_term_string\"}}],\"inLanguage\":\"fr-FR\"},{\"@type\":\"Organization\",\"@id\":\"https:\\\/\\\/www.arnedillo.org\\\/fr\\\/#organization\",\"name\":\"Ayuntamiento de Arnedillo - La Rioja\",\"url\":\"https:\\\/\\\/www.arnedillo.org\\\/fr\\\/\",\"logo\":{\"@type\":\"ImageObject\",\"inLanguage\":\"fr-FR\",\"@id\":\"https:\\\/\\\/www.arnedillo.org\\\/fr\\\/#\\\/schema\\\/logo\\\/image\\\/\",\"url\":\"https:\\\/\\\/www.arnedillo.org\\\/wp-content\\\/uploads\\\/2023\\\/04\\\/logo.svg\",\"contentUrl\":\"https:\\\/\\\/www.arnedillo.org\\\/wp-content\\\/uploads\\\/2023\\\/04\\\/logo.svg\",\"width\":100,\"height\":100,\"caption\":\"Ayuntamiento de Arnedillo - La Rioja\"},\"image\":{\"@id\":\"https:\\\/\\\/www.arnedillo.org\\\/fr\\\/#\\\/schema\\\/logo\\\/image\\\/\"}}]}<\/script>\n<!-- \/ Yoast SEO plugin. -->","yoast_head_json":{"title":"Voie Verte du Cidacos - Ayuntamiento de Arnedillo - La Rioja","robots":{"index":"index","follow":"follow","max-snippet":"max-snippet:-1","max-image-preview":"max-image-preview:large","max-video-preview":"max-video-preview:-1"},"canonical":"https:\/\/www.arnedillo.org\/fr\/tourisme\/voie-verte-du-cidacos\/","og_locale":"fr_FR","og_type":"article","og_title":"Voie Verte du Cidacos - Ayuntamiento de Arnedillo - La Rioja","og_description":"Ancienne ligne de chemin de fer \u00e0 voie \u00e9troite qui reliait Calahorra \u00e0 Arnedillo sur 34\u00a0km et une d\u00e9viation de 4\u00a0km de la gare d'Ari\u00f1ano jusqu'\u00e0 Pr\u00e9jano. Il y a [&hellip;]","og_url":"https:\/\/www.arnedillo.org\/fr\/tourisme\/voie-verte-du-cidacos\/","og_site_name":"Ayuntamiento de Arnedillo - La Rioja","article_modified_time":"2023-09-26T09:43:53+00:00","twitter_card":"summary_large_image","twitter_misc":{"Dur\u00e9e de lecture estim\u00e9e":"1 minute"},"schema":{"@context":"https:\/\/schema.org","@graph":[{"@type":"WebPage","@id":"https:\/\/www.arnedillo.org\/fr\/tourisme\/voie-verte-du-cidacos\/","url":"https:\/\/www.arnedillo.org\/fr\/tourisme\/voie-verte-du-cidacos\/","name":"Voie Verte du Cidacos - Ayuntamiento de Arnedillo - La Rioja","isPartOf":{"@id":"https:\/\/www.arnedillo.org\/fr\/#website"},"datePublished":"2023-07-10T17:00:43+00:00","dateModified":"2023-09-26T09:43:53+00:00","breadcrumb":{"@id":"https:\/\/www.arnedillo.org\/fr\/tourisme\/voie-verte-du-cidacos\/#breadcrumb"},"inLanguage":"fr-FR","potentialAction":[{"@type":"ReadAction","target":["https:\/\/www.arnedillo.org\/fr\/tourisme\/voie-verte-du-cidacos\/"]}]},{"@type":"BreadcrumbList","@id":"https:\/\/www.arnedillo.org\/fr\/tourisme\/voie-verte-du-cidacos\/#breadcrumb","itemListElement":[{"@type":"ListItem","position":1,"name":"Portada","item":"https:\/\/www.arnedillo.org\/fr\/"},{"@type":"ListItem","position":2,"name":"Voie Verte du Cidacos"}]},{"@type":"WebSite","@id":"https:\/\/www.arnedillo.org\/fr\/#website","url":"https:\/\/www.arnedillo.org\/fr\/","name":"Ayuntamiento de Arnedillo - La Rioja","description":"","publisher":{"@id":"https:\/\/www.arnedillo.org\/fr\/#organization"},"potentialAction":[{"@type":"SearchAction","target":{"@type":"EntryPoint","urlTemplate":"https:\/\/www.arnedillo.org\/fr\/?s={search_term_string}"},"query-input":{"@type":"PropertyValueSpecification","valueRequired":true,"valueName":"search_term_string"}}],"inLanguage":"fr-FR"},{"@type":"Organization","@id":"https:\/\/www.arnedillo.org\/fr\/#organization","name":"Ayuntamiento de Arnedillo - La Rioja","url":"https:\/\/www.arnedillo.org\/fr\/","logo":{"@type":"ImageObject","inLanguage":"fr-FR","@id":"https:\/\/www.arnedillo.org\/fr\/#\/schema\/logo\/image\/","url":"https:\/\/www.arnedillo.org\/wp-content\/uploads\/2023\/04\/logo.svg","contentUrl":"https:\/\/www.arnedillo.org\/wp-content\/uploads\/2023\/04\/logo.svg","width":100,"height":100,"caption":"Ayuntamiento de Arnedillo - La Rioja"},"image":{"@id":"https:\/\/www.arnedillo.org\/fr\/#\/schema\/logo\/image\/"}}]}},"_links":{"self":[{"href":"https:\/\/www.arnedillo.org\/fr\/wp-json\/wp\/v2\/pages\/1327","targetHints":{"allow":["GET"]}}],"collection":[{"href":"https:\/\/www.arnedillo.org\/fr\/wp-json\/wp\/v2\/pages"}],"about":[{"href":"https:\/\/www.arnedillo.org\/fr\/wp-json\/wp\/v2\/types\/page"}],"author":[{"embeddable":true,"href":"https:\/\/www.arnedillo.org\/fr\/wp-json\/wp\/v2\/users\/1"}],"replies":[{"embeddable":true,"href":"https:\/\/www.arnedillo.org\/fr\/wp-json\/wp\/v2\/comments?post=1327"}],"version-history":[{"count":2,"href":"https:\/\/www.arnedillo.org\/fr\/wp-json\/wp\/v2\/pages\/1327\/revisions"}],"predecessor-version":[{"id":1329,"href":"https:\/\/www.arnedillo.org\/fr\/wp-json\/wp\/v2\/pages\/1327\/revisions\/1329"}],"up":[{"embeddable":true,"href":"https:\/\/www.arnedillo.org\/fr\/wp-json\/wp\/v2\/pages\/1351"}],"wp:attachment":[{"href":"https:\/\/www.arnedillo.org\/fr\/wp-json\/wp\/v2\/media?parent=1327"}],"curies":[{"name":"wp","href":"https:\/\/api.w.org\/{rel}","templated":true}]}}

<p>[et_pb_section fb_built= »1&Prime; _builder_version= »4.21.0&Prime; _module_preset= »default » background_color= »rgba(0,0,0,0.25) » background_image= »https://www.arnedillo.org/wp-content/uploads/2023/07/48_arnedillo_via.jpg » background_blend= »multiply » custom_padding= »60px||60px||false|false » global_colors_info= »{} »][et_pb_row _builder_version= »4.21.0&Prime; _module_preset= »default » global_colors_info= »{} »][et_pb_column type= »4_4&Prime; _builder_version= »4.21.0&Prime; _module_preset= »default » global_colors_info= »{} »][et_pb_post_title _builder_version= »4.21.0&Prime; _module_preset= »default » global_colors_info= »{} »][/et_pb_post_title][/et_pb_column][/et_pb_row][/et_pb_section][et_pb_section fb_built= »1&Prime; _builder_version= »4.21.0&Prime; _module_preset= »default » global_colors_info= »{} »][et_pb_row column_structure= »1_2,1_2&Prime; _builder_version= »4.21.0&Prime; _module_preset= »default » global_colors_info= »{} »][et_pb_column type= »1_2&Prime; _builder_version= »4.21.0&Prime; _module_preset= »default » global_colors_info= »{} »][et_pb_text _builder_version= »4.21.0&Prime; _module_preset= »default » hover_enabled= »0&Prime; global_colors_info= »{} » sticky_enabled= »0&Prime;]</p>
<p>Ancienne ligne de chemin de fer à voie étroite qui reliait Calahorra à Arnedillo sur 34 km et une déviation de 4 km de la gare d&rsquo;Ariñano jusqu&rsquo;à Préjano. Il y a deux options de parcours :</p>
<ul>
<li>Extérieur, le long de la commune jusqu&rsquo;à la rive de la rivière Cidacos (escaliers)</li>
<li>Intérieur, traverse le tunnel éclairé (650 m). Recommandé à vélo et pour les personnes à mobilité réduite.</li>
</ul>
<p>Le train ou “trenillo” comme appelé populairement était utilisé pour le transport de marchandises (charbon des mines de Préjano et roche calcaire d&rsquo;Arnedillo) et de passagers. Il a fonctionné jusqu&rsquo;en 1966.</p>
<p>Actuellement, il a été restauré en voie verte, qu&rsquo;on peut prendre à pied, à vélo ou à cheval.</p>
<p>[/et_pb_text][/et_pb_column][et_pb_column type= »1_2&Prime; _builder_version= »4.21.0&Prime; _module_preset= »default » global_colors_info= »{} »][et_pb_gallery gallery_ids= »428,429,430,431&Prime; fullwidth= »on » _builder_version= »4.21.0&Prime; _module_preset= »default » global_colors_info= »{} »][/et_pb_gallery][/et_pb_column][/et_pb_row][/et_pb_section]</p>

<p>Ancienne ligne de chemin de fer à voie étroite qui reliait Calahorra à Arnedillo sur 34 km et une déviation de 4 km de la gare d&rsquo;Ariñano jusqu&rsquo;à Préjano. Il y a [&hellip;]</p>

<!-- This site is optimized with the Yoast SEO plugin v27.5 - https://yoast.com/product/yoast-seo-wordpress/ -->
<title>Voie Verte du Cidacos - Ayuntamiento de Arnedillo - La Rioja</title>
<meta name="robots" content="index, follow, max-snippet:-1, max-image-preview:large, max-video-preview:-1" />
<link rel="canonical" href="https://www.arnedillo.org/fr/tourisme/voie-verte-du-cidacos/" />
<meta property="og:locale" content="fr_FR" />
<meta property="og:type" content="article" />
<meta property="og:title" content="Voie Verte du Cidacos - Ayuntamiento de Arnedillo - La Rioja" />
<meta property="og:description" content="Ancienne ligne de chemin de fer à voie étroite qui reliait Calahorra à Arnedillo sur 34 km et une déviation de 4 km de la gare d&#039;Ariñano jusqu&#039;à Préjano. Il y a [&hellip;]" />
<meta property="og:url" content="https://www.arnedillo.org/fr/tourisme/voie-verte-du-cidacos/" />
<meta property="og:site_name" content="Ayuntamiento de Arnedillo - La Rioja" />
<meta property="article:modified_time" content="2023-09-26T09:43:53+00:00" />
<meta name="twitter:card" content="summary_large_image" />
<meta name="twitter:label1" content="Durée de lecture estimée" />
	<meta name="twitter:data1" content="1 minute" />
<script type="application/ld+json" class="yoast-schema-graph">{"@context":"https:\/\/schema.org","@graph":[{"@type":"WebPage","@id":"https:\/\/www.arnedillo.org\/fr\/tourisme\/voie-verte-du-cidacos\/","url":"https:\/\/www.arnedillo.org\/fr\/tourisme\/voie-verte-du-cidacos\/","name":"Voie Verte du Cidacos - Ayuntamiento de Arnedillo - La Rioja","isPartOf":{"@id":"https:\/\/www.arnedillo.org\/fr\/#website"},"datePublished":"2023-07-10T17:00:43+00:00","dateModified":"2023-09-26T09:43:53+00:00","breadcrumb":{"@id":"https:\/\/www.arnedillo.org\/fr\/tourisme\/voie-verte-du-cidacos\/#breadcrumb"},"inLanguage":"fr-FR","potentialAction":[{"@type":"ReadAction","target":["https:\/\/www.arnedillo.org\/fr\/tourisme\/voie-verte-du-cidacos\/"]}]},{"@type":"BreadcrumbList","@id":"https:\/\/www.arnedillo.org\/fr\/tourisme\/voie-verte-du-cidacos\/#breadcrumb","itemListElement":[{"@type":"ListItem","position":1,"name":"Portada","item":"https:\/\/www.arnedillo.org\/fr\/"},{"@type":"ListItem","position":2,"name":"Voie Verte du Cidacos"}]},{"@type":"WebSite","@id":"https:\/\/www.arnedillo.org\/fr\/#website","url":"https:\/\/www.arnedillo.org\/fr\/","name":"Ayuntamiento de Arnedillo - La Rioja","description":"","publisher":{"@id":"https:\/\/www.arnedillo.org\/fr\/#organization"},"potentialAction":[{"@type":"SearchAction","target":{"@type":"EntryPoint","urlTemplate":"https:\/\/www.arnedillo.org\/fr\/?s={search_term_string}"},"query-input":{"@type":"PropertyValueSpecification","valueRequired":true,"valueName":"search_term_string"}}],"inLanguage":"fr-FR"},{"@type":"Organization","@id":"https:\/\/www.arnedillo.org\/fr\/#organization","name":"Ayuntamiento de Arnedillo - La Rioja","url":"https:\/\/www.arnedillo.org\/fr\/","logo":{"@type":"ImageObject","inLanguage":"fr-FR","@id":"https:\/\/www.arnedillo.org\/fr\/#\/schema\/logo\/image\/","url":"https:\/\/www.arnedillo.org\/wp-content\/uploads\/2023\/04\/logo.svg","contentUrl":"https:\/\/www.arnedillo.org\/wp-content\/uploads\/2023\/04\/logo.svg","width":100,"height":100,"caption":"Ayuntamiento de Arnedillo - La Rioja"},"image":{"@id":"https:\/\/www.arnedillo.org\/fr\/#\/schema\/logo\/image\/"}}]}</script>
<!-- / Yoast SEO plugin. -->

Ancienne ligne de chemin de fer à voie étroite qui reliait Calahorra à Arnedillo sur 34 km et une déviation de 4 km de la gare d'Ariñano jusqu'à Préjano. Il y a [&hellip;]
